the greatest common factor of 30 and d.
10
Let z be 602/6 + (-1)/3. Let m(x) = -x**2 + 18*x - 21. Let u be m(16). Let k = u + 9. Calculate the highest common divisor of k and z.
20
Let x(c) = 7*c + 3. Let f be x(11). Suppose -2*s = 3*s - f. Calculate the greatest common factor of 8 and s.
8
Let k be (270/36)/((-2)/(-4)). What is the highest common factor of k and 45?
15
Suppose -3*r + 15 = -2*c, 3*c - 10 = -4*r + 10. Suppose -5*h = -u - 15, 6*u - u - r*h - 25 = 0. Calculate the highest common factor of 4 and u.
2
Suppose -4*v + 216 = 4*v. What is the greatest common factor of 3 and v?
3
Let j be 22/2 - (0 - 3). Suppose p = 3*m + j, -3*m + 16 = -5*m + 2*p. Let g be 3/(1/((-56)/m)). Calculate the highest common divisor of 28 and g.
28
Let j = 340 + -151. What is the greatest common factor of 27 and j?
27
Let j be (-10)/(-3) - 0 - (-13)/(-39). What is the highest common divisor of j and 21?
3
Let u be 3/(-7)*1 + 143/7. Let z = 3 - -5. What is the highest common divisor of u and z?
4
Suppose 2*h + 4*f - 578 = 0, h = 5*h + 3*f - 1176. What is the highest common divisor of 33 and h?
33
Let b be ((-2)/3)/(10/2355). Let o = 220 + b. Calculate the greatest common factor of o and 9.
9
Suppose -16 = 4*h, -3*h + 0*h - 11 = m. Let c be (1/m)/((-2)/(-30)). Let j be -8*(11/(-4) + 2). Calculate the highest common divisor of j and c.
3
Let k(q) = q**2 - 2*q + 1. Let l be k(3). Suppose -71 = -l*j + 5. Suppose j = x - u, -u + 41 = x + x. What is the greatest common factor of x and 50?
10
Suppose -15 = -2*c - 3. Suppose -c*g + 3 = -99. Let n be (-4)/(3/((-102)/4)). What is the highest common factor of g and n?
17
Let d = 16 - 11. Suppose -5*s - 15 = -5*r, d*s + 1 = -4. Let m be 21/(-3)*-2 - r. What is the greatest common divisor of m and 6?
6
Suppose -3*b - 238 = 146. Let y be b/(-1) + 2 + -2. What is the greatest common factor of 16 and y?
16
Suppose -272 = 18*u - 52*u. Suppose 5*j + 239 = 3*v - 0*v, -4*v + 5*j + 327 = 0. What is the greatest common factor of u and v?
8
Let l = -32 + 5. Let f be l/(-1) - (-3 - 0). Calculate the greatest common factor of 6 and f.
6
Let o(d) = 0*d + 3*d - 26 + 2*d + 23. Let k be (-46)/(-14) - (-4)/(-14). Let w be o(k). What is the highest common divisor of 4 and w?
4
Let c(f) = -4*f + 2. Let z be c(-4). Calculate the highest common factor of 18 and z.
18
Let i = 50 + -25. What is the greatest common factor of 20 and i?
5
Let t be (6/(-2))/(2/(-6)). Suppose j = -2*y + 11, 18 + 19 = 5*j + 4*y. Suppose j*d - 29 = 16. What is the highest common divisor of d and t?
9
Suppose -3*u - 3*x + 336 = -x, 5*u = 2*x + 576. Calculate the highest common divisor of 76 and u.
38
Let r(o) = -o**2 - o + 13. Let z be r(0). What is the greatest common factor of z and 143?
13
Suppose 77 = t - 4*y, 3*t - 107 - 79 = -3*y. Suppose 0 = -4*p + 4*n + 104, -n = 2*p - 5*n - 52. What is the greatest common factor of p and t?
13
Let k be -5*((-68)/10 - 2). Let g(f) = 2*f - 7. Let j be g(9). Calculate the highest common factor of k and j.
11
Suppose -12*l + 24 = -10*l. What is the greatest common divisor of l and 48?
12
Let q(s) = 10*s + 2. Let f be q(10). What is the highest common divisor of f and 68?
34
Let k be 0 - -6*16/12. What is the highest common factor of 8 and k?
8
Let w(r) = -r**3 - 7*r**2 + 9*r + 13. Let d be w(-8). Calculate the greatest common factor of 20 and d.
5
Let w = -32 + 41. What is the greatest common factor of w and 45?
9
Let w = -17 + 29. Let y be 136 - (-1 - -17)/4. Calculate the greatest common factor of w and y.
12
Suppose -2*h - 10 = t, 5*t - 2*h + 12 + 2 = 0. Let k(b) = -b**3 - 2*b**2 + 6*b + 4. Let u be k(t). Calculate the greatest common divisor of 60 and u.
12
Suppose 146 = -2*q + 5*q - s, 4*q - 193 = 3*s. Suppose d = 4*d - 21. Calculate the highest common divisor of q and d.
7
Suppose -x = 4*x. Suppose 0 = 3*s - 5*r - 20, 4*s - 4*r = -x*r + 16. Suppose -3*d + 210 = -s*d. What is the highest common divisor of d and 14?
14
Let q = 106 - 56. Suppose 3*s = 15 - 6. Suppose 3*x - 5*w = -2*x + 110, s*x = -2*w + 56. Calculate the highest common divisor of q and x.
10
Let n(d) = -d**3 + 13*d**2 + 13*d + 19. Let q be n(14). What is the greatest common factor of 45 and q?
5
Let b be (-92)/2*3/(-6). Let g(j) = -31*j - 9. Let p = 14 - 18. Let f be g(p). What is the highest common divisor of b and f?
23
Suppose -4*d + 4*z = -z - 141, 2*d = 2*z + 68. Suppose 5*b - 5*y = 45, -y - d = -b - 2*b. What is the greatest common divisor of b and 15?
5
Let w be ((-6)/(-2) - -2)*-7. Let p = 61 + w. Calculate the greatest common divisor of 39 and p.
13
Let o(r) = -r**2 + 6*r + 4. Let f be o(6). Let u be (5 - 4)/(1/f). What is the highest common factor of 2 and u?
2
Suppose 4234 = 4*m + 1418. Suppose 4*z - m = -0*z. Let a = 65 + -49. What is the greatest common factor of z and a?
16
Let f = -28 - -35. Calculate the greatest common factor of f and 63.
7
Suppose 6 = -3*c + 5*m, -5*c + 12 = -2*m + m. Suppose -c*t + 17 + 4 = 0. Calculate the greatest common divisor of 7 and t.
7
Let d = -5 + 17. Let w = -5 - -8. Suppose -w*i - i + 72 = 0. Calculate the highest common factor of d and i.
6
Let w be 100/26 - 8/(-52). What is the highest common divisor of 28 and w?
4
Suppose -5*n + 45 = -0*n. Suppose -n*c + 12*c = 0. Suppose c = -3*u - 2*u + 2*a + 403, a + 323 = 4*u. What is the highest common divisor of 9 and u?
9
Let g be (-1 - -1)/1 - -2. Suppose 0 = -7*q + 169 - 43. What is the highest common divisor of q and g?
2
Suppose -9*u + 324 = -0*u. What is the greatest common factor of u and 18?
18
Let q(m) = 3*m + 13. Let l(h) = 4*h + 13. Let i(y) = -2*l(y) + 3*q(y). Let x be i(0). Calculate the greatest common divisor of x and 52.
13
Suppose -20 = -3*j - 2*d + 5, 2*j + 3*d = 15. Let q be (j/6)/(3/8). Suppose 19 = -q*m + 71. What is the greatest common divisor of 52 and m?
13
Suppose v + n = 26, v - 3*n = -2*n + 34. Calculate the highest common factor of 6 and v.
6
Suppose 3*k = 2*k + 35. Calculate the greatest common factor of 14 and k.
7
Suppose -5 = 4*s - 13. What is the greatest common divisor of 14 and s?
2
Let b(v) = -3*v - 5. Let d = -10 + 3. Let l be b(d). What is the greatest common factor of l and 16?
16
Suppose -5*b = j - 476, 6*b - b = -5*j + 460. Calculate the greatest common factor of b and 24.
24
Let d(l) = 10*l**2 + 5*l + 10. Let o be d(-7). Suppose 0 = t + y - 10 - 59, -4*t = y - 276. Suppose -t = 4*a - o. What is the highest common divisor of a and 9?
9
Let u(f) = -26*f + 27. Let r be u(-9). Calculate the greatest common factor of r and 29.
29
Suppose -2*w = 5*x - 36, w + w = 3*x + 4. Let c be 4/(-2 - (-20)/w). What is the greatest common factor of 12 and c?
4
Suppose 2*b - b = 10. Let w = b - -32. Suppose u = 4*g - 50, -3*g + w = -u - 2*u. What is the greatest common divisor of 84 and g?
12
Let c be 43/9 + 2/9. Suppose -612 = -c*s - 117. Calculate the greatest common factor of s and 11.
11
Let t(h) = 18*h. Let o be t(2). Let p(a) be the first derivative of a**3 - 3*a - 1. Let w be p(-3). What is the greatest common factor of o and w?
12
Let a = 1 + 2. Calculate the greatest common factor of a and 9.
3
Let v be -4 + 2 - 1*-13. Let x be v*1/(-3)*-3. Calculate the greatest common factor of 44 and x.
11
Suppose 2*n + 3*n + 25 = 0. Let w(c) = -c**3 - 5*c**2 - 6*c + 6. Let u be w(n). Suppose -3*b - 1 = -13. What is the greatest common factor of u and b?
4
Suppose -4*m = 5*q - 14 - 22, -3*q + m + 8 = 0. Let x be 4*(91/q + 2). Let c = 5 + x. What is the highest common divisor of c and 13?
13
Suppose -2*q = 4*m - 68, 2*m + 82 = 3*q + 4*m. Let x = 36 - 24. Calculate the highest common factor of q and x.
12
Let s be (-3 + 1)/(4/(-166)). Suppose 0 = -4*a - 19 + s. Calculate the highest common divisor of 48 and a.
16
Let k = 4 + -4. Suppose k = 5*z - z - 28. Calculate the highest common divisor of 21 and z.
7
Let u be 30 + -6 + 5 - 2. What is the highest common divisor of 1 and u?
1
Let o = -20 + 36. Suppose o - 70 = -3*y. Calculate the highest common divisor of y and 45.
9
Let z(k) = 4*k - 16. Let b be z(7). Calculate the greatest common factor of b and 96.
12
Let t(d) = 9*d + 8. Let z(w) = w + 1. Let r(f) = t(f) - 6*z(f). Let g be r(11). What is the greatest common divisor of g and 7?
7
Suppose 3*w = 5*m + 5 + 9, w + m - 10 = 0. Suppose -13 = -3*t + w. Le